0*y - 4*y + 667 = -3*o, y + 4*o - 181 = 0. Let d = 24 + y. Is d a multiple of 11?
False
Let r(a) = 85*a**3 + 26*a**3 + 22*a**3 + 1 - 2*a**2. Is 13 a factor of r(1)?
False
Let n(v) = -v**2 + 1587 - 13*v - 528 - 521 - 523. Let s be 69/(-6) + (-1)/2. Is n(s) a multiple of 27?
True
Let o be 3/(-7) + 2300/140. Suppose -2*k = -0 - o. Suppose 0*d + k = d. Is 4 a factor of d?
True
Suppose -177098 + 654602 = 72*i. Is 14 a factor of i?
False
Does 10 divide (-16)/(-96) - (0 - (-34678)/(-12))?
True
Let l be (0 + 3/6)*(13 - 3). Let a(t) = t + 1. Let x(i) = -16*i + 13. Let s(y) = 3*a(y) - x(y). Is 7 a factor of s(l)?
False
Suppose -74 = -15*c + 1. Suppose -c*b = -b - 176. Is 37 a factor of b?
False
Let i = -98 + 65. Let p = i - -112. Suppose 0 = -q - 2*q - 15, 3*t - p = -4*q. Is t a multiple of 4?
False
Let k(t) = -t**2 + t + 73. Let j be k(0). Let l = 48 - 109. Let h = j + l. Does 3 divide h?
True
Let u(h) = -6*h**3 - 6*h**2 + 4*h - 1. Suppose 0 = 6*v - v + 10, 4*c - 4*v = -8. Let s be u(c). Suppose 5*n - s = 389. Is n a multiple of 29?
False
Let s = 3403 + -1078. Is 15 a factor of s?
True
Suppose q = v - 3*q - 3, 2*q = -5*v + 15. Suppose 0 = v*c - 2*d - 818, 2*c = -2*c + 2*d + 1090. Is c a multiple of 17?
True
Let g(h) = -53*h + 18864. Is g(0) a multiple of 9?
True
Is 5434 + (-15 - (-18 + 7)) a multiple of 30?
True
Let g be (135/54 + (-11)/6)*264. Suppose -2*n + 5*x = -464 - g, -1617 = -5*n + 4*x. Does 13 divide n?
True
Suppose -5*n + 6*n = -4*a + 10, -a - 8 = -5*n. Does 39 divide (n + -56)*(-156)/18?
True
Suppose -15140*z + 15165*z = 132925. Does 20 divide z?
False
Let l(a) = a**3 - 9*a**2 + 10*a - 7. Suppose 1089 = -5*c - 0*j - 3*j, 5*j - 633 = 3*c. Let h be ((-2)/6)/(9/c). Does 9 divide l(h)?
True
Let s be 4*1 + -1 + 0 - -4. Suppose 4*p - 4*g = 196, -s*g = 4*p - 4*g - 203. Let f = p + -21. Is f a multiple of 6?
False
Does 15 divide (-3099)/(-3) + (-65)/5?
True
Let w(r) = -3*r + 5*r**2 - 4*r - 2*r**2 + 5. Let k(i) = -i**3 + 6*i**2 - 13*i + 9. Let c(s) = -3*k(s) + 5*w(s). Is c(3) a multiple of 35?
False
Let u(t) = 3*t**2 + 29*t - 208. Let w be (4/(-6))/(2277/(-189) + 12). Does 29 divide u(w)?
False
Suppose -4*o = 3*q - 37608, 5*o + 88 = 73. Is 10 a factor of q?
True
Suppose -129*d - 655450 = -3395978 - 1441781. Is d a multiple of 78?
False
Suppose 0 = 5*w + 10, -m + 2*m + 3*w = -12. Let z(y) = 4*y + 23. Let t be z(m). Is t/((-2)/(-4)) - -32 a multiple of 15?
True
Let z be (-6 - 4)/(-2 + (-35)/(-18)). Suppose z = 13*k - 10*k. Does 3 divide k?
True
Let i(u) = u**3 + 17*u**2 + 9*u - 4. Let r be i(-15). Let l = 887 - r. Does 18 divide l?
True
Let x = -246 + 251. Suppose -2*j = x*i - 1604, 0 = 3*j - 4*j - 3. Is 23 a factor of i?
True
Let k(v) = 361*v + 1. Let h(p) = 724*p. Let s(n) = -3*h(n) + 7*k(n). Is s(2) a multiple of 10?
False
Let l(d) = 7*d**2 + 344*d + 1543. Is 12 a factor of l(-58)?
False
Let v(z) = 13*z**2 - 13*z + 16. Let l be v(-8). Suppose -l = -5*f + 2*r, 403 = 4*f + 3*r - 377. Does 22 divide f?
False
Let c(l) = l**2 - 12*l + 29. Let r be c(9). Is 5 a factor of r/(-8) - 846/(-24)?
True
Suppose 5*k + 9600 = -4*a + 52142, 0 = a + 2. Does 74 divide k?
True
Suppose 68 - 5 = -y. Let h = 231 + -91. Let a = h + y. Is 11 a factor of a?
True
Let p(a) = -51*a**3 + 10*a**2 + 64*a + 120. Is 15 a factor of p(-3)?
True
Suppose 5*g = -5*u + 70, -4*u + u = -4*g - 7. Suppose 14*t - u*t = 305. Let q = 24 + t. Does 15 divide q?
False
Suppose 0 = 4*c - 22 - 178. Let o = -16 + c. Let y = o - 19. Does 3 divide y?
True
Let h(q) = 7*q**3 - 21*q**2 - 25*q + 15. Let t(g) = 3*g**3 - 11*g**2 - 13*g + 8. Let m(b) = 4*h(b) - 9*t(b). Does 12 divide m(-12)?
True
Let n = 3965 - 1523. Suppose q = 5*u - 1970 - n, -3*u + q + 2648 = 0. Is 18 a factor of u?
True
Let x(r) = -2*r**3 - 17*r**2 + 8. Let b be x(-7). Suppose -5*d + o + 1020 = 6*o, -o = -2*d + 408. Let i = b + d. Is 5 a factor of i?
True
Suppose -177 = 3*h + 369. Let m be (-350)/15*(-21 + (-4 - -4)). Let o = h + m. Is 22 a factor of o?
True
Suppose 0 = -v + 3*v + 168. Is ((-56)/(-12))/7*(0 - v) a multiple of 29?
False
Let k be 128/(-24)*(-3 + (1 - 1)). Let q(a) = 30*a - 95. Is 7 a factor of q(k)?
True
Let r = -102 + 41. Let g = -57 - r. Suppose v = -3*p + 102 + 142, -g*p = v - 243. Does 19 divide v?
True
Let c be (2 - -6) + (-68)/34. Is 71 a factor of (-40)/50*(-1065)/c?
True
Let x(d) = -19*d - 31. Let p(g) = 9*g + 14. Let i(t) = -13*p(t) - 6*x(t). Let n(l) = -l + 5. Let k be n(7). Is i(k) a multiple of 9?
False
Suppose 11*m + 767 - 3627 = 0. Is 4 a factor of m?
True
Suppose 0 = -3*q - 4*q + 14. Suppose -q*p = 4*s + 2*p - 244, 5*s - p - 335 = 0. Does 11 divide s?
True
Let i(c) = 3524*c**2 + 661*c + 1991. Is 206 a factor of i(-3)?
True
Let j(q) be the second derivative of 115*q**3/6 + 17*q**2/2 + q + 97. Is 8 a factor of j(5)?
True
Does 22 divide (-21926)/(-95)*15*44/6?
True
Let m(w) = 566*w**2 - 122*w + 124. Does 71 divide m(1)?
True
Let l(d) = -6*d - 94. Let b be l(-16). Is ((0 - 5)/(-5))/(b/72) a multiple of 11?
False
Let g(l) = 31*l - 186. Let a(i) = 5270*i - 31620. Let z(f) = -2*a(f) + 341*g(f). Does 17 divide z(40)?
True
Suppose 2556 = w - 6*k, 6*k = -2*w + 9*k + 5058. Is 35 a factor of w?
True
Suppose 13*c - 163104 = 18*c - 21*c. Is c a multiple of 8?
False
Let r be 0 - 6/(19/(-8) + 2). Suppose 0 = -12*s + 8*s + r. Suppose 0 = 3*q - s*q + 18. Does 9 divide q?
True
Suppose 361*f - 669240 = 166*f. Is f a multiple of 3?
True
Let m = -199 + 215. Suppose -m = -21*h + 68. Is 2 a factor of h?
True
Let y = -170 + 173. Suppose -82 = -5*j - 4*b + 828, y*b = -4*j + 728. Is j a multiple of 17?
False
Let p(n) = 9*n**3 + 4 + 3 - 8 - 8*n**3 - 12*n - 18*n**2. Is p(19) a multiple of 4?
True
Is 10 a factor of 2837*9/(-99)*-11?
False
Suppose 28*t - 66937 = -3*y + 29*t, -5*y + 111543 = t. Is y a multiple of 20?
False
Let j(t) = -5*t + 5. Let x(l) = -4*l + 6. Let k(f) = -4*j(f) + 6*x(f). Let a be k(-12). Suppose 5*i - 7*i = -a. Is i a multiple of 4?
True
Suppose 2*p - 2*k = 2*k + 1776, -p + 876 = 2*k. Let x = 85 + -80. Suppose -x*l + 298 = -p. Does 21 divide l?
False
Let c(l) = -356*l - 1733. Is c(-7) a multiple of 57?
False
Let x(z) = 761*z + 667. Is x(5) a multiple of 52?
True
Suppose 2*m - 81 = -5*l, -l - l + 234 = 5*m. Let u(n) = n**3 - 47*n**2 - 30*n - 74. Does 79 divide u(m)?
True
Let g(m) = m + 8. Let p be g(-6). Suppose 4*i - p = -b, 3*b - 17 = 2*b - i. Let h(y) = -y + 35. Is h(b) even?
False
Let u = 20319 - 12007. Is 120 a factor of u?
False
Suppose -40*n + 528 = 1488. Let h(v) = 56*v - 1. Let i be h(2). Let w = i + n. Is w a multiple of 10?
False
Suppose 0 = 2*h + k - 3714, -2*h - 401*k = -396*k - 3722. Is h a multiple of 64?
True
Is (-1 - 1)*(-1773205)/58 a multiple of 25?
False
Let b = 46 - 43. Suppose 4*p - 1142 = 3*z, 303 = b*p + 3*z - 543. Is p a multiple of 55?
False
Let u be (-15 + 16)/(2*2/32). Suppose -3*a + 4*l + 1255 = 0, -6*l = -a - u*l + 405. Is a a multiple of 59?
True
Suppose 3*h = -18, -5460 = -4*w + h + 28566. Is w a multiple of 189?
True
Suppose -7*q + 5*y + 5 = -4*q, -3*y = 3. Suppose -x - 715 - 457 = -4*b, -3*b - x + 879 = q. Does 36 divide b?
False
Suppose -4*r = -q - 139446, 206*q - 209*q + 69744 = 2*r. Is 149 a factor of r?
False
Suppose 0 = 45*z + 116*z - 384146. Is 4 a factor of z?
False
Let b(w) = 4886*w**3 - 26*w**2 - 3*w + 2. Is b(1) a multiple of 12?
False
Suppose -347 = -5*s + 4*l, -4*s + 2*l + 89 + 191 = 0. Let a = s + -66. Let r(o) = 5*o**2 + 7*o - 15. Does 23 divide r(a)?
False
Suppose -3*f + 4 = -2*f. Suppose 4*o = -s + 19, f*o - 40 = -0*s - 4*s. Suppose 1624 = s*p + 329. Is p a multiple of 33?
False
Is 3 a factor of -27 + 41 + (323 - -3)?
False
Suppose -13*y + 1128596 = 8*y + 47*y. Does 8 divide y?
False
Let h = -4984 - -7120. Does 12 divide h?
True
Suppose 4*l + 118609 = 5*h - 72497, 27 = -3*l. Is 18 a factor of h?
True
Suppose -480 = 4*l + 2*l. Let i = l - -248. Let q = -3 + i. Is q a multiple of 28?
False
Let j = 28554 - 22576. Is j a multiple of 49?
True
Let h = -2178 - -4599. Is h a multiple of 14?
False
Suppose -4*w - b = -150268, -137*w + 150236 = -133*w + 5*b. Is 16 a factor of w?
False
Let d = 1521 + -1212. Does 4 divide d?
False
Let j(x) = 2*x**3 - 54*x**2 + 55*x - 16. Let w(g) = g**3 - 27*g**2 + 28*g - 8. Let v(t) = -6*j(t) + 11*w(t). Suppose l + 142 = 7*l - 14. Is 16 a factor 